inder when o is divided by 41.
39
Let n(b) = -6*b + 8. Let a(u) = 3*u - 4. Let q(t) = 5*a(t) + 3*n(t). What is the remainder when q(-2) is divided by 3?
1
What is the remainder when (-93*1)/(30/(-40)) is divided by 26?
20
Calculate the remainder when 76/10*75/30 is divided by 4.
3
Let o(u) = u**3 + 12*u**2 + 12*u + 6. Let k be o(-11). Let x(s) = s**3 + 7*s**2 + 4*s. Calculate the remainder when x(-6) is divided by (-1 + 2)*(k + 12).
5
Calculate the remainder when 12/72*66*13 is divided by 32.
15
Suppose 0 = 6*a - 2*a + 156. Let n = 57 + a. What is the remainder when 53 is divided by n?
17
Suppose t - 521 = -4*d, 3*t + 7 + 236 = 2*d. What is the remainder when d is divided by 66?
63
Let i(s) = 11*s**2 + 47*s + 80. Let n(b) = 4*b**2 + 16*b + 27. Let r(m) = -3*i(m) + 8*n(m). Calculate the remainder when 17 is divided by r(-10).
5
Let x(z) = 3*z - 15. What is the remainder when 464 is divided by x(9)?
8
Suppose -30*u = 63*u - 558. Let c(p) = p**2 - 2*p - 4. What is the remainder when u is divided by c(4)?
2
Suppose m + 2*d - 3*d + 10 = 0, 3*d = 5*m + 52. What is the remainder when m/(-88) + 974/16 is divided by 32?
29
Suppose 19 = 3*j + 7. Suppose -2*b - 4*z = -28, 0 = -b - 4*b - j*z + 40. What is the remainder when 8 is divided by b?
0
Let c = -40 - -42. Let x(h) = -h - 8. Let g be x(-10). Calculate the remainder when (g/3)/(8/36) is divided by c.
1
Suppose 29 = s + 71. Let m = 62 + s. Suppose 5*q - m - 30 = 4*r, -r + 19 = 4*q. What is the remainder when 9 is divided by q?
3
Let q(z) = 5*z**2 - 29 - 3*z**2 + 17 - 3*z. Calculate the remainder when q(-6) is divided by 20.
18
Let c(t) = -1078*t - 1. What is the remainder when c(-2) is divided by 11?
10
Suppose -63*p = -229 - 1472. Let u(r) = 2*r - 5. Let h be u(5). Let i = h + 2. What is the remainder when p is divided by i?
6
Let n(f) be the third derivative of -5*f**4/24 + 20*f**3/3 - 3*f**2. Calculate the remainder when 42 is divided by n(5).
12
Suppose -2*r - 3 - 11 = 0. Let c = 7 + r. Suppose g - 8 = 5*u + 1, 3*g + u - 11 = c. Calculate the remainder when 8 is divided by g.
0
Calculate the remainder when -11 + -1 - (59 - 253) is divided by 37.
34
Let p(l) = -4*l**3 - 5*l**2 - 3*l + 4. Calculate the remainder when p(-4) is divided by 50.
42
Suppose 6*u + 84 = 7*u. Suppose 9 = -5*q + u. Calculate the remainder when 44 is divided by q.
14
Let g = 265 - 13. Calculate the remainder when g is divided by 23.
22
Let h be (-90)/12 + 4 + (-3)/2. Calculate the remainder when h/((-70)/(-4)) - (-2178)/77 is divided by 10.
8
Let d(a) = -a**2 + 11*a + 5. Suppose -3*g + 125 = -391. Suppose 0*t - g = -4*t. What is the remainder when t is divided by d(9)?
20
Let p(w) = -w**3 + 7*w**2 + 20*w - 10. Let l be p(9). Suppose l*x = 5*h + 3*x - 465, -x - 465 = -5*h. What is the remainder when h is divided by 35?
23
Suppose 5*b - 2720 = 2*h, h + 2176 = 4*b + 4*h. What is the remainder when b is divided by 14?
12
Suppose 0 = -7*c + 441 + 469. Suppose 6*v - 2*s = 3*v + c, 0 = 3*v + 4*s - 100. What is the remainder when 77 is divided by v?
37
Let z(n) = -5*n - 19*n - 29*n. Suppose 5*f + 19 = -3*y + f, -f = 5*y + 9. Calculate the remainder when z(y) is divided by 14.
11
Let d(x) = x**2 + 4*x - 3. Let g be d(-5). Let m = g - -15. What is the remainder when 65 is divided by m?
14
Suppose -8*i + 809 = -1455. Calculate the remainder when i is divided by 19.
17
Let i = -5981 + 5999. Let u(d) = 3*d**2 + 1. Let b be u(-3). Suppose 6*w - 2*p = 2*w + b, -3*p - 28 = -4*w. What is the remainder when i is divided by w?
4
Let u be 0/(2/1) + 166. Suppose 4*j + 26 = u. What is the remainder when j is divided by (-36)/(-16)*20/5?
8
Let s(d) = -5*d**2 - 44*d - 17. Calculate the remainder when 175 is divided by s(-7).
37
Let q(f) = 2*f - 11. Let b be q(8). Suppose -27 + 162 = b*o. Calculate the remainder when 131 is divided by o.
23
Suppose -21*l - 107 = -22*l + 2*j, -3*l + 2*j = -313. Calculate the remainder when 307 is divided by l.
101
Let x = 27 + -24. Suppose 5 = -3*i + k, i - 2*k - 5 = -x*k. Suppose i = 14*g - 13*g - 67. What is the remainder when g is divided by 17?
16
Let u(x) = -x**3 + 3*x**2 + 2*x - 7. Let y be u(4). Calculate the remainder when 56 is divided by (-4 - y) + -2 + 6.
11
Let b(n) = 9*n + 15 + 7*n - 5 - 12*n. What is the remainder when 117 is divided by b(5)?
27
Suppose -3*v - 41 = -5*z, v - 1 = 4*z - 31. Let b be 3 - (2 + -5 - (-9 + -3)). Let o = z + b. What is the remainder when 5 is divided by o?
0
Let v = 313 + -161. Let h = v + -127. Calculate the remainder when 87 is divided by h.
12
Suppose 2*m = -q - 35, -23 = 3*m - 2*m - 5*q. Let c = m + 12. Calculate the remainder when 23 is divided by (c/(-5))/(57/380).
7
Let d be 368 + (4/18 - 128/(-72)). Suppose -s + 4*h = -185, -h - d = -2*s + 4*h. What is the remainder when s is divided by 47?
44
Let g = 451 - 435. What is the remainder when 125 is divided by g?
13
Let i be (3 - 2)*(3 + -1). Suppose 44 = 4*y + 5*l, 0 = i*y + l - 4 - 18. What is the remainder when y is divided by 7?
4
Let l = -24 - -15. Let s(z) = z**3 + 9*z**2 - 3*z - 11. What is the remainder when 29 is divided by s(l)?
13
Let x(t) = 3*t**3 - 7*t**2 + t - 6. Let i be x(6). Suppose 75 + 5 = 4*m. Calculate the remainder when i/m - 1/(-5) is divided by 7.
6
Let t(m) = 2*m**2 + 40*m + 76. What is the remainder when 320 is divided by t(-20)?
16
Let q = 12 - -63. What is the remainder when q is divided by 34?
7
Suppose -20*q + 25*q + 4*l - 60 = 0, 5*l - 48 = -4*q. What is the remainder when 185 is divided by q?
5
Suppose 6 = 18*f - 84. Calculate the remainder when 64 is divided by f.
4
Suppose 2*n + c - 83 = 0, -2*n + 35 = -3*c - 52. Suppose 0 = -n*d + 39*d + 39. Calculate the remainder when d is divided by 10.
3
Let q = 25 - 4. Suppose 2*k - 4*z - 104 = 0, -k - 6*z + 70 = -2*z. Calculate the remainder when k is divided by q.
16
Let a(q) = -q**3 + 4*q**2 + 3*q - 1. What is the remainder when (-12)/(-10)*(-62 - -107) is divided by a(4)?
10
Let h = -20 + 22. Calculate the remainder when 27 is divided by (-7)/h*(-60)/21.
7
Suppose 5*r + 3*g - 215 = 4, 0 = -4*g + 12. What is the remainder when r is divided by 16?
10
Let g = -276 - -434. What is the remainder when g is divided by 40?
38
Suppose -g - 9 = -7, 5*u - 76 = -2*g. What is the remainder when 460 is divided by u?
12
Let p = 162 - 105. Let d = p + -44. Calculate the remainder when 62 is divided by d.
10
Suppose 162 + 90 = 21*j. What is the remainder when 70 is divided by j?
10
Suppose -16*z = -4*z + 108. Let x be 38/(-6) - (-3)/9. Calculate the remainder when x/((z/78)/1) is divided by 11.
8
Suppose 98 = -3*f + 5*l + 1740, 0 = -2*f - 4*l + 1080. What is the remainder when f is divided by 78?
76
Let d = 335 - 274. Calculate the remainder when 174 is divided by d.
52
Let k = 21 - 16. Suppose 0 = -k*g + 272 + 108. Let f = -20 - -31. Calculate the remainder when g is divided by f.
10
Let q(x) = -x**3 + 60. Let u(w) = -3*w + 6*w - 5 - 4. Calculate the remainder when q(0) is divided by u(10).
18
Let g(b) = -b**2 - 41*b - 267. What is the remainder when 147 is divided by g(-30)?
21
What is the remainder when (-112)/(-5) + (-4)/10 is divided by ((-8)/6)/((-4)/18) - -6?
10
Suppose 4*z + 168 = 4*g - 0*g, 4*g + 4*z - 136 = 0. Let y = 19 + g. What is the remainder when y is divided by 10?
7
Suppose -5*d + 5*a + 770 = 0, 13*d - 14*d - a = -154. Calculate the remainder when d is divided by 13.
11
Suppose -3*j + 60 = -3*k, 4*j - 2*k + 16 = 92. Let p = -340 - -482. What is the remainder when p is divided by j?
16
Let i(d) = 2*d**2 - d - 14. Suppose -4*x + 4*n + 44 = 0, -4*x - n = -10 - 9. Calculate the remainder when i(x) is divided by 9.
7
Let c be -2 - ((-8)/(-4) + 23). Let p = 97 + c. What is the remainder when p is divided by 18?
16
Suppose z + 20*z = 483. Suppose 6 = 2*l + l. Let y = 91 - l. What is the remainder when y is divided by z?
20
What is the remainder when 40 is divided by (-3 + 75)/4 + -6?
4
Suppose -7 = 3*b - 25. Let t = -671 + 673. Calculate the remainder when b is divided by t.
0
Let f(m) = -m**3 - 12*m**2 - 2*m - 12. Let t(s) = -2*s**2 + 2*s + 47. What is the remainder when f(-12) is divided by t(-4)?
5
Let i = 54 + -37. Suppose -u - 52 = 2*u + 4*q, 0 = u - 5*q + 30. Let y = u + 68. What is the remainder when y is divided by i?
14
Let a = -30 + 51. S